p**2. Let i(k) be the first derivative of d(k). Suppose -84 + 28 = 28*u. Calculate i(u).
-3
Let l(w) = 3*w**3 - 15*w**2 + 6*w - 8. Suppose 222 + 196 = 90*r - 32. What is l(r)?
22
Let d(k) be the second derivative of -9*k**3/2 - 138*k**2 - 467*k - 1. What is d(-10)?
-6
Let w(z) = -19*z**2 - 50*z - 105. Let x(q) = -2*q**2 + 2*q - 3. Let r(s) = w(s) - 10*x(s). What is r(71)?
-4
Suppose x - 11 - 37 = 0. Suppose 11*r - 15*r = x. Let q be (r/(-18))/(130/42 + -3). Let y(h) = 2*h - 10. Calculate y(q).
4
Let p(h) = 4 - 3 - 17*h**3 + 22*h**3 - h. Let a(l) be the second derivative of l**5/20 - 4*l**4/3 - l**3/6 + 17*l**2/2 + 18*l. Let z be a(16). Calculate p(z).
5
Suppose 4*m = 2*s, -m = 4*s - 6*m - 3. Let c(o) = -18 - 103473*o + 103474*o + s. Determine c(0).
-16
Let k(m) be the second derivative of m**5/20 + m**4/12 - m**3/3 + m**2/2 + 25*m. Suppose 0*w + 2*w + 6 = 0. Let u be 3 + (2 - (-12)/w). What is k(u)?
1
Let f(h) = 2*h + 2. Let m = 223 - 207. Suppose 13 = 3*c + m. Calculate f(c).
0
Let r = -27490 + 27483. Let l(v) = -v**2 - 3*v + 8. What is l(r)?
-20
Let q(d) = 65*d**2 - 52*d + 159. Let w(t) = -4*t**2 + t - 13. Let u(r) = -q(r) - 16*w(r). What is u(37)?
12
Let x(c) = -15*c - 199. Let y be x(-15). Suppose -62 = -6*r - y. Let o(b) = -4*b + 0*b**2 + b**2 - 2*b. Give o(r).
0
Let p(q) = -2*q**3 + 43*q**2 - q - 2252. Let s be p(18). Let a(m) be the first derivative of -3*m**4/4 - m**3/3 + m - 1. Calculate a(s).
21
Suppose 5*c - 9 = -4*y, 10*y - 5*y = -3*c - 5. Let z be ((c - 7) + 5)/((-1)/(-9)). Suppose 10*t - t = z. Let i(m) = -m**3 + 4*m**2 - m - 4. Give i(t).
2
Let m(p) = -p**3 - 5*p**2 + 6*p - 10. Let o(t) = 184*t + 913. Let a be o(-5). Determine m(a).
46
Let j(a) = -2*a**2 + 3*a + 7. Let f(k) = 3*k**2 - 3*k - 8. Let y(g) = 4*f(g) + 5*j(g). Let r be ((-5)/15)/((-1)/(-3)). Let n be (-220)/77 + r/7. Calculate y(n).
12
Let k be 1 + 1 + -1 + (-19)/171*18. Let s(b) = -58*b**3 + b**2. Give s(k).
59
Suppose -433*p - 792 = -235*p. Let w(s) = -2*s**3 - 11*s**2 - 14*s + 2. Give w(p).
10
Let k(p) = 3*p + 50. Let q be k(-15). Suppose -65*o + q = -64*o. Let x(t) = 6*t + 9. Let m(c) = 7*c + 10. Let w(j) = 5*m(j) - 6*x(j). Calculate w(o).
-9
Let b(h) = -h**2 + h**3 - 3 + 0*h**3 + 8 + 6. Let y be 6 + -5*(-24)/(-20). Determine b(y).
11
Let v = 0 + 2. Let a(i) be the first derivative of i**2 - 3*i + 15143. Determine a(v).
1
Let q(x) = 111 - 35 - 26484*x**2 + 53025*x**2 + 22*x - 2*x**3 - 26515*x**2. What is q(14)?
-8
Let x(o) be the third derivative of 1/6*o**3 + 0*o - 25*o**2 + 0 - 1/4*o**4 + 1/60*o**5. Suppose -5*z + z = -24. Calculate x(z).
1
Let b = -370 + 376. Let q be 1*(6/b - 3). Let d(g) = g. Determine d(q).
-2
Let h(o) = -o**2 - 12 - 47*o + 0*o**2 + 35*o. Let b be h(-10). Let k(w) = 2*w**2 - b - 50*w - 3*w**2 + 26*w + 33*w. Determine k(7).
6
Let z(o) = -4*o**3 - 9*o**2 + 5*o - 6. Let v(t) = t**3 + t**2 - t + 1. Let l(n) = -5*v(n) - z(n). Suppose -3*f + 5*m = 58, 502*f = 497*f + 3*m - 22. Give l(f).
1
Suppose 0 = 2*j - 2*w + 248, 2*j - 3*w + 10 + 237 = 0. Let q = j - -129. Let f(b) = -2*b - b + 103 + q*b - 109. What is f(0)?
-6
Let r(o) = o**3 - 8*o**2 - 10*o + 8. Suppose 29*g = g + 1708. Suppose 0 = g*w - 59*w - 18. Calculate r(w).
-1
Let v(a) be the first derivative of 2*a**2 + 30*a + 492. Determine v(17).
98
Suppose -5*u - 13 + 73 = 0. Let s(h) = 3*h + 6*h - u*h + 3. Let x = -22 - -26. What is s(x)?
-9
Let k(u) = 19*u - 57. Let j(o) = 5. Let w(q) = -7*j(q) - k(q). What is w(2)?
-16
Let i(x) = -x**3 - 4*x**2 - 2*x + 2. Let s be ((-220)/30)/(8/(-6) + 2). Let t = -15 - s. Determine i(t).
10
Let p(x) = 15*x - 35. Let s(o) = -o + 11. Let f(z) = p(z) + 3*s(z). Give f(-5).
-62
Let k be ((-1)/6)/(2/(-4))*-6. Let a be 4 + 13/1*k/2. Let r(q) = -q**2 - 7*q + 3. Determine r(a).
-15
Let w(o) = 10*o**3 - 26*o**2 + 11*o - 5. Let h(t) = 3*t**3 - 8*t**2 + 4*t - 2. Let g(k) = 13*h(k) - 4*w(k). Calculate g(-3).
-3
Let t(h) be the first derivative of -8*h**3/3 - 8*h**2 - 4*h - 150. Determine t(-2).
-4
Let u(d) = 13*d**2 - 10*d - 13. Let b(m) = -45*m**2 + 31*m + 37. Let o(s) = -2*b(s) - 7*u(s). What is o(9)?
8
Let o(s) be the third derivative of 6*s**2 + 0 + 1/360*s**6 + 1/24*s**4 + 1/120*s**5 - 7/6*s**3 + 0*s. Let n(i) be the first derivative of o(i). Determine n(0).
1
Let u(h) = -h**3 - 9*h**2 + 9*h - 11. Suppose -24 = -4*f + 3*y, -2*f - 3*f + 5*y + 35 = 0. Suppose 4*j - f*p + 39 = -2*p, 0 = -3*j - p - 31. What is u(j)?
-1
Let v(j) be the first derivative of j**3/3 + 2*j**2 - j + 2. Let w(o) = 4*o**3 + 34*o**2 + 59*o - 24. Let h be w(-3). Calculate v(h).
-4
Let y(v) = -39*v - 21 + 4 - 39 + 73*v - 26*v. What is y(6)?
-8
Let c(f) = -f**3 - 23*f**2 - 2*f - 49. Let s be (-27)/18 - 1/(4/86). Let i be c(s). Let t(m) be the third derivative of m**4/24 + m**3/6 - 9*m**2. What is t(i)?
-2
Let u(h) = -h**3 - 14*h**2 + 721*h + 257 - 704*h - 234. Calculate u(-15).
-7
Let x(t) be the third derivative of 5*t**4/24 - 7*t**3/3 + 5278*t**2. Determine x(3).
1
Let f(d) be the first derivative of d**5/20 - 7*d**4/12 + 7*d**3/6 - 26*d + 10. Let k(i) be the first derivative of f(i). Determine k(5).
-15
Let t(d) = 58*d**2 - d**3 + 202*d - 196*d + 3 - 54*d**2. Calculate t(-2).
15
Let u(w) = -3 - 12*w**3 + 27*w**3 + 4 - 16*w**3 - w**2. Suppose 4*d - d = -3*k + 30, 0 = 4*k + 5*d - 43. Suppose k*t = 5*t. Calculate u(t).
1
Let f(a) = -a**3 + 5*a**2 - 6*a + 2. Suppose -2*g - 86 = 3*r, 7*g - 79 = 3*r + 2*g. Let n be 2/r*10*-7. Calculate f(n).
-28
Let s(t) = -t. Let m(u) = u**3 + u**2 + 2*u + 130. Let n be m(0). Let k be 2/(-8) + n/40. Suppose r + 5 = -k*b + 3*r, 3*b + 30 = -3*r. Determine s(b).
5
Let q(i) = i**3 + 27*i**2 - 21*i - 86. Let a be q(-27). Let b(w) = -243*w**2 - 8 - 9*w - 239*w**2 + a*w**2. Calculate b(-6).
10
Let j(i) = i**3 - i**2 - i + 5. Let h be (-13 + (-8)/(-4))*-2. Let g = -19 + h. Let k be (0 + 0)/(g*(-14)/(-21)). What is j(k)?
5
Suppose -18 = 4*k - 6*k. Suppose 0 = -k*b + 6*b - 21. Let o(d) = 3*d + 7. Determine o(b).
-14
Let f(c) = -52 - 14*c**2 + 7*c - 18*c**2 + 34*c**2 - 12*c. Give f(0).
-52
Let d(c) = -c**3 + 5*c**2 - c - 5. Let i(v) = v**2 - 12*v + 36. Let k be i(6). Suppose k = -m + 6 - 3. Suppose m*j + q - 12 = 2*q, 0 = -2*q. Give d(j).
7
Let i(l) = -l**2 + 6*l + 10. Suppose -2*k - 7 = 5*j, 3 = 3*j + 5*k - 8. Let q be (4 + j)*4 + -1. Suppose -z + 28 = q*z. Calculate i(z).
3
Suppose -34 + 16 = -9*l. Let u(r) = 6267*r - 6270*r - 2 - l. Let i be 2/3 + (-9)/((-54)/(-28)). Calculate u(i).
8
Suppose -24*j = -25*j + 2. Let h(g) = -g**3 + g**2 + 6. Let k(c) = -c**3 + 7. Let f(q) = j*k(q) - 3*h(q). Determine f(4).
12
Let c(v) = -v + 1. Let x(n) be the first derivative of -n**3/3 + 3*n**2 + 66. Let o(m) = -4*c(m) - x(m). What is o(3)?
-1
Let d(k) = 26*k - 301. Let i(q) = -3*q**2 - 4*q + 271. Let l be i(-10). Give d(l).
-15
Let o(q) = -135 - 5*q - 200 - 100 - 139 + 444. Determine o(-26).
0
Let v(f) = -4*f**2 - 5*f + 2. Let o(i) = -7*i**2 - 12*i - 1 + 2*i + 5. Let x(q) = -3*o(q) + 5*v(q). Let c be ((-15)/(-6))/(((-8)/2)/8). Determine x(c).
-2
Let i(q) = q**3 - 11*q**2 + 10*q + 16. Suppose 90 = 227*f - 217*f. Give i(f).
-56
Let h = 441 + -438. Let t(n) = n - 2. Let f(m) = -2. Let w(s) = 6*f(s) - 5*t(s). Let r(u) = -9*u - 3. Let y(q) = h*r(q) - 5*w(q). What is y(-2)?
5
Let s(t) be the third derivative of 13*t**4/24 + 50*t**3 + 15*t**2 - 28*t. Determine s(-23).
1
Let o(p) = p**3 - 4*p**2 - 3*p + 5. Let n(l) = l**3 - 10*l**2 + 6*l + 31. Let s(f) = 3 + 13 - 2*f - f + 4*f. Let v be s(-7). Let y be n(v). Determine o(y).
-7
Let m(p) = -p**2 - 4*p - 34 + 0*p**2 + 18*p - 6*p + 23*p. Let v be m(30). Let t(d) = d**3 + d**2 - 5*d - 5. Determine t(v).
-33
Let d = -10 + 6. Let h(u) = -5*u**3 + 11*u**2 + 5*u. Let s(a) = -24*a**2 + 0*a**3 + 23*a**2 + a**3. Let z(f) = h(f) + 6*s(f). Determine z(d).
-4
Let g(d) = -75232*d**2 + 3*d + 75231*d**2 + 14*d**3 - 2*d + 2*d**3 + 26*d**3 - 1. Calculate g(1).
41
Suppose -19*j - 169*j + 3948 = 0. Let k(b) = -8*b + 169. What is k(j)?
1
Let p(s) be the first derivative of -5*s**4/2 + s**3/3 - s**2/2 - 2*s - 78. Determine p(-1).
10
Let f(t) = -t + 8. Suppose -25 = 3*l - 5*c - 2, 3*l - 4*c = -25. Determine f(l).
19
Let l(p) = -p**2 + 10*p - 1. Suppose -25*d = 109*d - 938. Give l(d).
20
Let q(f) = -f**3 - 7*f**2 - 10*f - 22. Let c be q(-6). Suppose 0 = -c*g + 14 - 4. Le